{"id":22,"date":"2021-06-29T13:53:08","date_gmt":"2021-06-29T11:53:08","guid":{"rendered":"http:\/\/camping-daon.fr\/?page_id=22"},"modified":"2025-12-06T15:36:03","modified_gmt":"2025-12-06T14:36:03","slug":"tarifs-des-chalets","status":"publish","type":"page","link":"http:\/\/camping-daon.fr\/index.php\/tarifs-des-chalets\/","title":{"rendered":"Tarifs des chalets"},"content":{"rendered":"\n<figure class=\"wp-block-image size-full\"><img decoding=\"async\" width=\"651\" height=\"483\" data-src=\"https:\/\/camping-daon.fr\/wp-content\/uploads\/2025\/12\/Capture-tarifs-chalets-2026.png\" alt=\"\" class=\"wp-image-888 lazyload\" data-srcset=\"http:\/\/camping-daon.fr\/wp-content\/uploads\/2025\/12\/Capture-tarifs-chalets-2026.png 651w, http:\/\/camping-daon.fr\/wp-content\/uploads\/2025\/12\/Capture-tarifs-chalets-2026-300x223.png 300w\" data-sizes=\"(max-width: 651px) 100vw, 651px\" src=\"data:image\/svg+xml;base64,PHN2ZyB3aWR0aD0iMSIgaGVpZ2h0PSIxIiB4bWxucz0iaHR0cDovL3d3dy53My5vcmcvMjAwMC9zdmciPjwvc3ZnPg==\" style=\"--smush-placeholder-width: 651px; --smush-placeholder-aspect-ratio: 651\/483;\" \/><\/figure>\n\n\n\n<p class=\"has-text-align-center has-medium-font-size\"><strong>D\u00e9part 10h et arriv\u00e9e 16h<\/strong><\/p>\n\n\n\n<p class=\"has-text-align-center\"><strong><strong>Nos amis les chiens sont accept\u00e9s sur le camping sur pr\u00e9sentation d\u2019un carnet de vaccination (hors cat\u00e9gories 1et 2 qui ne sont pas autoris\u00e9es). Ils doivent \u00eatre tenus en laisse.<\/strong><\/strong><\/p>\n\n\n\n<hr class=\"wp-block-separator has-css-opacity\"\/>\n\n\n\n<h6 class=\"wp-block-heading has-text-align-center\">R\u00e9servez Votre Chalet En Ligne Via Le Lien Ci-Dessous. Vous Pouvez \u00c9galement Nous Joindre Via La Page \u201c<a href=\"https:\/\/camping-daon.fr\/index.php\/contact\/\">Contact<\/a>\u201c<\/h6>\n\n\n\n<div class=\"wp-block-buttons is-horizontal is-content-justification-center is-layout-flex wp-container-core-buttons-is-layout-1 wp-block-buttons-is-layout-flex\">\n<div class=\"wp-block-button has-custom-width wp-block-button__width-25 is-style-outline is-style-outline--1\"><a class=\"wp-block-button__link has-white-color has-vivid-purple-background-color has-text-color has-background wp-element-button\" href=\"https:\/\/naxiresa.inaxel.com\/etape1-criteres.php?compte=rivieres53\" target=\"_blank\" rel=\"noreferrer noopener\">R\u00c9SERVER<\/a><\/div>\n<\/div>\n","protected":false},"excerpt":{"rendered":"<p>D\u00e9part 10h et arriv\u00e9e 16h Nos amis les chiens sont accept\u00e9s sur le camping sur pr\u00e9sentation d\u2019un carnet de vaccination (hors cat\u00e9gories 1et 2 qui ne sont pas autoris\u00e9es). Ils doivent \u00eatre tenus en laisse. R\u00e9servez Votre Chalet En Ligne Via Le Lien Ci-Dessous. Vous Pouvez \u00c9galement Nous Joindre Via La Page \u201cContact\u201c<\/p>\n","protected":false},"author":1,"featured_media":0,"parent":0,"menu_order":0,"comment_status":"closed","ping_status":"closed","template":"","meta":{"footnotes":""},"class_list":["post-22","page","type-page","status-publish","hentry","entry"],"yoast_head":"<!-- This site is optimized with the Yoast SEO plugin v26.8 - https:\/\/yoast.com\/product\/yoast-seo-wordpress\/ -->\n<title>Tarifs des chalets - Camping des Rivi\u00e8res de Daon<\/title>\n<meta name=\"robots\" content=\"index, follow, max-snippet:-1, max-image-preview:large, max-video-preview:-1\" \/>\n<link rel=\"canonical\" href=\"https:\/\/camping-daon.fr\/index.php\/tarifs-des-chalets\/\" \/>\n<meta property=\"og:locale\" content=\"fr_FR\" \/>\n<meta property=\"og:type\" content=\"article\" \/>\n<meta property=\"og:title\" content=\"Tarifs des chalets - Camping des Rivi\u00e8res de Daon\" \/>\n<meta property=\"og:description\" content=\"D\u00e9part 10h et arriv\u00e9e 16h Nos amis les chiens sont accept\u00e9s sur le camping sur pr\u00e9sentation d\u2019un carnet de vaccination (hors cat\u00e9gories 1et 2 qui ne sont pas autoris\u00e9es). Ils doivent \u00eatre tenus en laisse. R\u00e9servez Votre Chalet En Ligne Via Le Lien Ci-Dessous. Vous Pouvez \u00c9galement Nous Joindre Via La Page \u201cContact\u201c\" \/>\n<meta property=\"og:url\" content=\"https:\/\/camping-daon.fr\/index.php\/tarifs-des-chalets\/\" \/>\n<meta property=\"og:site_name\" content=\"Camping des Rivi\u00e8res de Daon\" \/>\n<meta property=\"article:publisher\" content=\"https:\/\/www.facebook.com\/Camping-des-Rivires-Daon--114946232015582\" \/>\n<meta property=\"article:modified_time\" content=\"2025-12-06T14:36:03+00:00\" \/>\n<meta property=\"og:image\" content=\"https:\/\/camping-daon.fr\/wp-content\/uploads\/2025\/12\/Capture-tarifs-chalets-2026.png\" \/>\n<meta name=\"twitter:card\" content=\"summary_large_image\" \/>\n<meta name=\"twitter:label1\" content=\"Dur\u00e9e de lecture estim\u00e9e\" \/>\n\t<meta name=\"twitter:data1\" content=\"1 minute\" \/>\n<script type=\"application\/ld+json\" class=\"yoast-schema-graph\">{\"@context\":\"https:\/\/schema.org\",\"@graph\":[{\"@type\":\"WebPage\",\"@id\":\"https:\/\/camping-daon.fr\/index.php\/tarifs-des-chalets\/\",\"url\":\"https:\/\/camping-daon.fr\/index.php\/tarifs-des-chalets\/\",\"name\":\"Tarifs des chalets - Camping des Rivi\u00e8res de Daon\",\"isPartOf\":{\"@id\":\"https:\/\/camping-daon.fr\/#website\"},\"primaryImageOfPage\":{\"@id\":\"https:\/\/camping-daon.fr\/index.php\/tarifs-des-chalets\/#primaryimage\"},\"image\":{\"@id\":\"https:\/\/camping-daon.fr\/index.php\/tarifs-des-chalets\/#primaryimage\"},\"thumbnailUrl\":\"https:\/\/camping-daon.fr\/wp-content\/uploads\/2025\/12\/Capture-tarifs-chalets-2026.png\",\"datePublished\":\"2021-06-29T11:53:08+00:00\",\"dateModified\":\"2025-12-06T14:36:03+00:00\",\"breadcrumb\":{\"@id\":\"https:\/\/camping-daon.fr\/index.php\/tarifs-des-chalets\/#breadcrumb\"},\"inLanguage\":\"fr-FR\",\"potentialAction\":[{\"@type\":\"ReadAction\",\"target\":[\"https:\/\/camping-daon.fr\/index.php\/tarifs-des-chalets\/\"]}]},{\"@type\":\"ImageObject\",\"inLanguage\":\"fr-FR\",\"@id\":\"https:\/\/camping-daon.fr\/index.php\/tarifs-des-chalets\/#primaryimage\",\"url\":\"http:\/\/camping-daon.fr\/wp-content\/uploads\/2025\/12\/Capture-tarifs-chalets-2026.png\",\"contentUrl\":\"http:\/\/camping-daon.fr\/wp-content\/uploads\/2025\/12\/Capture-tarifs-chalets-2026.png\",\"width\":651,\"height\":483},{\"@type\":\"BreadcrumbList\",\"@id\":\"https:\/\/camping-daon.fr\/index.php\/tarifs-des-chalets\/#breadcrumb\",\"itemListElement\":[{\"@type\":\"ListItem\",\"position\":1,\"name\":\"Accueil\",\"item\":\"https:\/\/camping-daon.fr\/\"},{\"@type\":\"ListItem\",\"position\":2,\"name\":\"Tarifs des chalets\"}]},{\"@type\":\"WebSite\",\"@id\":\"https:\/\/camping-daon.fr\/#website\",\"url\":\"https:\/\/camping-daon.fr\/\",\"name\":\"Camping des Rivi\u00e8res de Daon\",\"description\":\"Bienvenue au Camping des Rivi\u00e8res\",\"publisher\":{\"@id\":\"https:\/\/camping-daon.fr\/#organization\"},\"potentialAction\":[{\"@type\":\"SearchAction\",\"target\":{\"@type\":\"EntryPoint\",\"urlTemplate\":\"https:\/\/camping-daon.fr\/?s={search_term_string}\"},\"query-input\":{\"@type\":\"PropertyValueSpecification\",\"valueRequired\":true,\"valueName\":\"search_term_string\"}}],\"inLanguage\":\"fr-FR\"},{\"@type\":\"Organization\",\"@id\":\"https:\/\/camping-daon.fr\/#organization\",\"name\":\"Communaut\u00e9 de Communes du Pays de Ch\u00e2teau-Gontier\",\"url\":\"https:\/\/camping-daon.fr\/\",\"logo\":{\"@type\":\"ImageObject\",\"inLanguage\":\"fr-FR\",\"@id\":\"https:\/\/camping-daon.fr\/#\/schema\/logo\/image\/\",\"url\":\"https:\/\/camping-daon.fr\/wp-content\/uploads\/2021\/06\/cropped-cropped-logo02.jpg\",\"contentUrl\":\"https:\/\/camping-daon.fr\/wp-content\/uploads\/2021\/06\/cropped-cropped-logo02.jpg\",\"width\":512,\"height\":512,\"caption\":\"Communaut\u00e9 de Communes du Pays de Ch\u00e2teau-Gontier\"},\"image\":{\"@id\":\"https:\/\/camping-daon.fr\/#\/schema\/logo\/image\/\"},\"sameAs\":[\"https:\/\/www.facebook.com\/Camping-des-Rivires-Daon--114946232015582\"]}]}<\/script>\n<!-- \/ Yoast SEO plugin. -->","yoast_head_json":{"title":"Tarifs des chalets - Camping des Rivi\u00e8res de Daon","robots":{"index":"index","follow":"follow","max-snippet":"max-snippet:-1","max-image-preview":"max-image-preview:large","max-video-preview":"max-video-preview:-1"},"canonical":"https:\/\/camping-daon.fr\/index.php\/tarifs-des-chalets\/","og_locale":"fr_FR","og_type":"article","og_title":"Tarifs des chalets - Camping des Rivi\u00e8res de Daon","og_description":"D\u00e9part 10h et arriv\u00e9e 16h Nos amis les chiens sont accept\u00e9s sur le camping sur pr\u00e9sentation d\u2019un carnet de vaccination (hors cat\u00e9gories 1et 2 qui ne sont pas autoris\u00e9es). Ils doivent \u00eatre tenus en laisse. R\u00e9servez Votre Chalet En Ligne Via Le Lien Ci-Dessous. Vous Pouvez \u00c9galement Nous Joindre Via La Page \u201cContact\u201c","og_url":"https:\/\/camping-daon.fr\/index.php\/tarifs-des-chalets\/","og_site_name":"Camping des Rivi\u00e8res de Daon","article_publisher":"https:\/\/www.facebook.com\/Camping-des-Rivires-Daon--114946232015582","article_modified_time":"2025-12-06T14:36:03+00:00","og_image":[{"url":"https:\/\/camping-daon.fr\/wp-content\/uploads\/2025\/12\/Capture-tarifs-chalets-2026.png","type":"","width":"","height":""}],"twitter_card":"summary_large_image","twitter_misc":{"Dur\u00e9e de lecture estim\u00e9e":"1 minute"},"schema":{"@context":"https:\/\/schema.org","@graph":[{"@type":"WebPage","@id":"https:\/\/camping-daon.fr\/index.php\/tarifs-des-chalets\/","url":"https:\/\/camping-daon.fr\/index.php\/tarifs-des-chalets\/","name":"Tarifs des chalets - Camping des Rivi\u00e8res de Daon","isPartOf":{"@id":"https:\/\/camping-daon.fr\/#website"},"primaryImageOfPage":{"@id":"https:\/\/camping-daon.fr\/index.php\/tarifs-des-chalets\/#primaryimage"},"image":{"@id":"https:\/\/camping-daon.fr\/index.php\/tarifs-des-chalets\/#primaryimage"},"thumbnailUrl":"https:\/\/camping-daon.fr\/wp-content\/uploads\/2025\/12\/Capture-tarifs-chalets-2026.png","datePublished":"2021-06-29T11:53:08+00:00","dateModified":"2025-12-06T14:36:03+00:00","breadcrumb":{"@id":"https:\/\/camping-daon.fr\/index.php\/tarifs-des-chalets\/#breadcrumb"},"inLanguage":"fr-FR","potentialAction":[{"@type":"ReadAction","target":["https:\/\/camping-daon.fr\/index.php\/tarifs-des-chalets\/"]}]},{"@type":"ImageObject","inLanguage":"fr-FR","@id":"https:\/\/camping-daon.fr\/index.php\/tarifs-des-chalets\/#primaryimage","url":"http:\/\/camping-daon.fr\/wp-content\/uploads\/2025\/12\/Capture-tarifs-chalets-2026.png","contentUrl":"http:\/\/camping-daon.fr\/wp-content\/uploads\/2025\/12\/Capture-tarifs-chalets-2026.png","width":651,"height":483},{"@type":"BreadcrumbList","@id":"https:\/\/camping-daon.fr\/index.php\/tarifs-des-chalets\/#breadcrumb","itemListElement":[{"@type":"ListItem","position":1,"name":"Accueil","item":"https:\/\/camping-daon.fr\/"},{"@type":"ListItem","position":2,"name":"Tarifs des chalets"}]},{"@type":"WebSite","@id":"https:\/\/camping-daon.fr\/#website","url":"https:\/\/camping-daon.fr\/","name":"Camping des Rivi\u00e8res de Daon","description":"Bienvenue au Camping des Rivi\u00e8res","publisher":{"@id":"https:\/\/camping-daon.fr\/#organization"},"potentialAction":[{"@type":"SearchAction","target":{"@type":"EntryPoint","urlTemplate":"https:\/\/camping-daon.fr\/?s={search_term_string}"},"query-input":{"@type":"PropertyValueSpecification","valueRequired":true,"valueName":"search_term_string"}}],"inLanguage":"fr-FR"},{"@type":"Organization","@id":"https:\/\/camping-daon.fr\/#organization","name":"Communaut\u00e9 de Communes du Pays de Ch\u00e2teau-Gontier","url":"https:\/\/camping-daon.fr\/","logo":{"@type":"ImageObject","inLanguage":"fr-FR","@id":"https:\/\/camping-daon.fr\/#\/schema\/logo\/image\/","url":"https:\/\/camping-daon.fr\/wp-content\/uploads\/2021\/06\/cropped-cropped-logo02.jpg","contentUrl":"https:\/\/camping-daon.fr\/wp-content\/uploads\/2021\/06\/cropped-cropped-logo02.jpg","width":512,"height":512,"caption":"Communaut\u00e9 de Communes du Pays de Ch\u00e2teau-Gontier"},"image":{"@id":"https:\/\/camping-daon.fr\/#\/schema\/logo\/image\/"},"sameAs":["https:\/\/www.facebook.com\/Camping-des-Rivires-Daon--114946232015582"]}]}},"_links":{"self":[{"href":"http:\/\/camping-daon.fr\/index.php\/wp-json\/wp\/v2\/pages\/22","targetHints":{"allow":["GET"]}}],"collection":[{"href":"http:\/\/camping-daon.fr\/index.php\/wp-json\/wp\/v2\/pages"}],"about":[{"href":"http:\/\/camping-daon.fr\/index.php\/wp-json\/wp\/v2\/types\/page"}],"author":[{"embeddable":true,"href":"http:\/\/camping-daon.fr\/index.php\/wp-json\/wp\/v2\/users\/1"}],"replies":[{"embeddable":true,"href":"http:\/\/camping-daon.fr\/index.php\/wp-json\/wp\/v2\/comments?post=22"}],"version-history":[{"count":14,"href":"http:\/\/camping-daon.fr\/index.php\/wp-json\/wp\/v2\/pages\/22\/revisions"}],"predecessor-version":[{"id":892,"href":"http:\/\/camping-daon.fr\/index.php\/wp-json\/wp\/v2\/pages\/22\/revisions\/892"}],"wp:attachment":[{"href":"http:\/\/camping-daon.fr\/index.php\/wp-json\/wp\/v2\/media?parent=22"}],"curies":[{"name":"wp","href":"https:\/\/api.w.org\/{rel}","templated":true}]}}